factors of 15774?
2, 3, 11, 239
What are the prime factors of 12672?
2, 3, 11
What are the prime factors of 29976?
2, 3, 1249
What are the prime factors of 835?
5, 167
List the prime factors of 1294.
2, 647
What are the prime factors of 2959?
11, 269
List the prime factors of 646.
2, 17, 19
What are the prime factors of 50462?
2, 23, 1097
What are the prime factors of 61643?
61643
What are the prime factors of 13355?
5, 2671
List the prime factors of 5143.
37, 139
List the prime factors of 1859.
11, 13
What are the prime factors of 27107?
27107
List the prime factors of 25642.
2, 12821
List the prime factors of 3075.
3, 5, 41
List the prime factors of 29908.
2, 7477
List the prime factors of 19747.
7, 13, 31
What are the prime factors of 1562?
2, 11, 71
List the prime factors of 45491.
45491
What are the prime factors of 111124?
2, 13, 2137
What are the prime factors of 14157?
3, 11, 13
List the prime factors of 25247.
25247
What are the prime factors of 3061?
3061
What are the prime factors of 3429?
3, 127
What are the prime factors of 12290?
2, 5, 1229
What are the prime factors of 19485?
3, 5, 433
List the prime factors of 4928.
2, 7, 11
What are the prime factors of 62248?
2, 31, 251
List the prime factors of 7085.
5, 13, 109
What are the prime factors of 2014?
2, 19, 53
What are the prime factors of 6269?
6269
List the prime factors of 5136.
2, 3, 107
What are the prime factors of 153028?
2, 67, 571
List the prime factors of 2716.
2, 7, 97
What are the prime factors of 1338?
2, 3, 223
List the prime factors of 4955.
5, 991
List the prime factors of 5923.
5923
List the prime factors of 5003.
5003
List the prime factors of 1358.
2, 7, 97
List the prime factors of 3998.
2, 1999
What are the prime factors of 8899?
11, 809
What are the prime factors of 1447?
1447
List the prime factors of 28293.
3, 9431
What are the prime factors of 65705?
5, 17, 773
List the prime factors of 776.
2, 97
What are the prime factors of 5154?
2, 3, 859
What are the prime factors of 8057?
7, 1151
What are the prime factors of 1251?
3, 139
What are the prime factors of 4888?
2, 13, 47
What are the prime factors of 1558?
2, 19, 41
What are the prime factors of 30386?
2, 15193
List the prime factors of 18985.
5, 3797
What are the prime factors of 765?
3, 5, 17
List the prime factors of 3263.
13, 251
List the prime factors of 14197.
14197
What are the prime factors of 1230?
2, 3, 5, 41
What are the prime factors of 77070?
2, 3, 5, 7, 367
What are the prime factors of 19438?
2, 9719
List the prime factors of 49783.
49783
What are the prime factors of 79639?
7, 31, 367
List the prime factors of 4116.
2, 3, 7
What are the prime factors of 2815?
5, 563
List the prime factors of 1406.
2, 19, 37
What are the prime factors of 3417?
3, 17, 67
List the prime factors of 55875.
3, 5, 149
What are the prime factors of 66244?
2, 16561
List the prime factors of 1326.
2, 3, 13, 17
List the prime factors of 1103.
1103
What are the prime factors of 4008?
2, 3, 167
What are the prime factors of 279?
3, 31
List the prime factors of 14538.
2, 3, 2423
List the prime factors of 685.
5, 137
What are the prime factors of 43974?
2, 3, 7, 349
What are the prime factors of 2152?
2, 269
List the prime factors of 41613.
3, 11, 13, 97
List the prime factors of 14609.
7, 2087
List the prime factors of 754.
2, 13, 29
What are the prime factors of 23799?
3, 7933
List the prime factors of 901.
17, 53
What are the prime factors of 20281?
17, 1193
List the prime factors of 6486.
2, 3, 23, 47
List the prime factors of 3602.
2, 1801
What are the prime factors of 10290?
2, 3, 5, 7
What are the prime factors of 37860?
2, 3, 5, 631
List the prime factors of 17357.
17, 1021
List the prime factors of 589.
19, 31
What are the prime factors of 324?
2, 3
List the prime factors of 14859.
3, 13, 127
What are the prime factors of 1235?
5, 13, 19
What are the prime factors of 1180?
2, 5, 59
List the prime factors of 1965.
3, 5, 131
List the prime factors of 3778.
2, 1889
List the prime factors of 1436.
2, 359
What are the prime factors of 104551?
104551
List the prime factors of 4363.
4363
List the prime factors of 3898.
2, 1949
List the prime factors of 29582.
2, 7, 2113
What are the prime factors of 3492?
2, 3, 97
What are the prime factors of 22460?
2, 5, 1123
What are the prime factors of 20406?
2, 3, 19, 179
What are the prime factors of 8140?
2, 5, 11, 37
List the prime factors of 106880.
2, 5, 167
What are the prime factors of 21870?
2, 3, 5
List the prime factors of 2356.
2, 19, 31
What are the prime factors of 67699?
67699
What are the prime factors of 4185?
3, 5, 31
What are the prime factors of 3683?
29, 127
List the prime factors of 62939.
62939
What are the prime factors of 1430?
2, 5, 11, 13
List the prime factors of 31726.
2, 29, 547
List the prime factors of 1422.
2, 3, 79
List the prime factors of 166272.
2, 3, 433
What are the prime factors of 2600?
2, 5, 13
What are the prime factors of 3955?
5, 7, 113
What are the prime factors of 19210?
2, 5, 17, 113
What are the prime factors of 10114?
2, 13, 389
What are the prime factors of 21953?
29, 757
List the prime factors of 13031.
83, 157
What are the prime factors of 2753?
2753
List the prime factors of 1318.
2, 659
List the prime factors of 60744.
2, 3, 2531
What are the prime factors of 5928?
2, 3, 13, 19
List the prime factors of 1255.
5, 251
What are the prime factors of 7144?
2, 19, 47
What are the prime factors of 27241?
27241
What are the prime factors of 43938?
2, 3, 2441
List the prime factors of 2870.
2, 5, 7, 41
List the prime factors of 1167.
3, 389
What are the prime factors of 6508?
2, 1627
What are the prime factors of 79695?
3, 5, 7, 11, 23
List the prime factors of 6202.
2, 7, 443
List the prime factors of 2700.
2, 3, 5
List the prime factors of 1041.
3, 347
List the prime factors of 3371.
3371
What are the prime factors of 4089?
3, 29, 47
What are the prime factors of 24032?
2, 751
What are the prime factors of 2510?
2, 5, 251
List the prime factors of 7554.
2, 3, 1259
List the prime factors of 529.
23
List the prime factors of 1876.
2, 7, 67
List the prime factors of 28366.
2, 13, 1091
List the prime factors of 127898.
2, 63949
What are the prime factors of 387?
3, 43
What are the prime factors of 28758?
2, 3, 4793
What are the prime factors of 87184?
2, 5449
What are the prime factors of 12452?
2, 11, 283
List the prime factors of 4306.
2, 2153
List the prime factors of 39544.
2, 4943
List the prime factors of 35618.
2, 11, 1619
What are the prime factors of 5515?
5, 1103
What are the prime factors of 98219?
11, 8929
What are the prime factors of 76?
2, 19
What are the prime factors of 11883?
3, 17, 233
What are the prime factors of 18563?
19, 977
What are the prime factors of 15044?
2, 3761
What are the prime factors of 5278?
2, 7, 13, 29
What are the prime factors of 6706?
2, 7, 479
List the prime factors of 28050.
2, 3, 5, 11, 17
What are the prime factors of 21053?
37, 569
List the prime factors of 15104.
2, 59
List the prime factors of 2515.
5, 503
What are the prime factors of 10014?
2, 3, 1669
What are the prime factors of 878?
2, 439
What are the prime factors of 548?
2, 137
What are the prime factors of 1953?
3, 7, 31
What are the prime factors of 116843?
331, 353
List the prime factors of 4373.
4373
List the prime factors of 67.
67
What are the prime factors of 10813?
11, 983
List the prime factors of 264.
2, 3, 11
What are the prime factors of 45439?
45439
List the prime factors of 487.
487
What are the prime factors of 6593?
19, 347
What are the prime factors of 8522?
2, 4261
What are the prime factors of 1350?
2, 3, 5
List the prime factors of 3754.
2, 1877
List the prime factors of 364.
2, 7, 13
What are the prime factors of 1237?
1237
List the prime factors of 71360.
2, 5, 223
List the prime factors of 1563.
3, 521
List the prime factors of 8840.
2, 5, 13, 17
List the prime factors of 1631.
7, 233
What are the prime factors of 2781?
3, 103
List the prime factors of 1604.
2, 401
List the prime factors of 3022.
2, 1511
List the prime factors of 621.
3, 23
List the prime factors of 35899.
35899
What are the prime factors of 10689?
3, 7, 509
What are the prime factors of 724?
2, 181
What are the prime factors of 29197